CRAN Package Check Results for Package qdapTools

Last updated on 2024-06-13 06:58:14 CEST.

Flavor Version Tinstall Tcheck Ttotal Status Flags
r-devel-linux-x86_64-debian-clang 1.3.7 4.59 52.52 57.11 OK
r-devel-linux-x86_64-debian-gcc 1.3.7 3.61 37.06 40.67 ERROR
r-devel-linux-x86_64-fedora-clang 1.3.7 72.56 OK
r-devel-linux-x86_64-fedora-gcc 1.3.7 69.87 OK
r-devel-windows-x86_64 1.3.7 5.00 67.00 72.00 OK
r-patched-linux-x86_64 1.3.7 3.84 50.73 54.57 OK
r-release-linux-x86_64 1.3.7 4.21 50.73 54.94 OK
r-release-macos-arm64 1.3.7 23.00 OK
r-release-macos-x86_64 1.3.7 36.00 OK
r-release-windows-x86_64 1.3.7 7.00 69.00 76.00 OK
r-oldrel-macos-arm64 1.3.7 26.00 OK
r-oldrel-macos-x86_64 1.3.7 64.00 OK
r-oldrel-windows-x86_64 1.3.7 6.00 72.00 78.00 OK

Check Details

Version: 1.3.7
Check: package dependencies
Result: NOTE Package suggested but not available for checking: ‘testthat’ Flavor: r-devel-linux-x86_64-debian-gcc

Version: 1.3.7
Check: tests
Result: ERROR Running ‘testthat.R’ [0s/1s] Running the tests in ‘tests/testthat.R’ failed. Complete output: > library("testthat") Error in library("testthat") : there is no package called 'testthat' Execution halted Flavor: r-devel-linux-x86_64-debian-gcc