CRAN Package Check Results for Package qcapower

Last updated on 2024-05-23 21:50:51 CEST.

Flavor Version Tinstall Tcheck Ttotal Status Flags
r-devel-linux-x86_64-debian-clang 0.1.0 6.89 65.54 72.43 OK
r-devel-linux-x86_64-debian-gcc 0.1.0 4.92 48.98 53.90 OK
r-devel-linux-x86_64-fedora-clang 0.1.0 95.86 NOTE
r-devel-linux-x86_64-fedora-gcc 0.1.0 98.46 NOTE
r-devel-windows-x86_64 0.1.0 7.00 68.00 75.00 OK
r-patched-linux-x86_64 0.1.0 4.25 62.68 66.93 OK
r-release-linux-x86_64 0.1.0 4.04 63.24 67.28 OK
r-release-macos-arm64 0.1.0 35.00 OK
r-release-windows-x86_64 0.1.0 7.00 69.00 76.00 OK
r-oldrel-macos-arm64 0.1.0 34.00 OK
r-oldrel-macos-x86_64 0.1.0 59.00 OK
r-oldrel-windows-x86_64 0.1.0 9.00 76.00 85.00 OK

Check Details

Version: 0.1.0
Check: dependencies in R code
Result: NOTE Namespace in Imports field not imported from: ‘devtools’ All declared Imports should be used. Flavors: r-devel-linux-x86_64-fedora-clang, r-devel-linux-x86_64-fedora-gcc