CRAN Package Check Results for Package pvLRT

Last updated on 2024-04-15 06:59:01 CEST.

Flavor Version Tinstall Tcheck Ttotal Status Flags
r-devel-linux-x86_64-debian-clang 0.5.1 7.74 80.54 88.28 NOTE
r-devel-linux-x86_64-debian-gcc 0.5.1 6.23 58.73 64.96 NOTE
r-devel-linux-x86_64-fedora-clang 0.5.1 106.78 NOTE
r-devel-linux-x86_64-fedora-gcc 0.5.1 104.00 NOTE
r-devel-windows-x86_64 0.5.1 9.00 83.00 92.00 NOTE
r-patched-linux-x86_64 0.5.1 6.00 78.63 84.63 NOTE
r-release-linux-x86_64 0.5.1 6.05 79.89 85.94 OK
r-release-macos-arm64 0.5.1 35.00 OK
r-release-macos-x86_64 0.5.1 56.00 OK
r-release-windows-x86_64 0.5.1 11.00 95.00 106.00 OK
r-oldrel-macos-arm64 0.5.1 32.00 OK
r-oldrel-windows-x86_64 0.5.1 11.00 93.00 104.00 OK

Check Details

Version: 0.5.1
Check: Rd files
Result: NOTE checkRd: (-1) pvlrt.Rd:42: Lost braces; missing escapes or markup? 42 | \item{no_zi_idx}{List of pairs {(i, j)} where zero inflation is not allowed. To | ^ checkRd: (-1) r_contin_table_zip.Rd:35: Lost braces; missing escapes or markup? 35 | \item{no_zi_idx}{List of pairs {(i, j)} where zero inflation is not allowed. To | ^ Flavors: r-devel-linux-x86_64-debian-clang, r-devel-linux-x86_64-debian-gcc, r-devel-linux-x86_64-fedora-clang, r-devel-linux-x86_64-fedora-gcc, r-devel-windows-x86_64, r-patched-linux-x86_64