Last updated on 2023-01-30 00:31:21 CET.
Flavor | Version | Tinstall | Tcheck | Ttotal | Status | Flags |
---|---|---|---|---|---|---|
r-devel-linux-x86_64-debian-clang | 0.0.1 | 3.78 | 30.84 | 34.62 | OK | |
r-devel-linux-x86_64-debian-gcc | 0.0.1 | 3.11 | 23.97 | 27.08 | OK | |
r-devel-linux-x86_64-fedora-clang | 0.0.1 | 46.18 | NOTE | |||
r-devel-linux-x86_64-fedora-gcc | 0.0.1 | 43.06 | NOTE | |||
r-devel-windows-x86_64 | 0.0.1 | 24.00 | 63.00 | 87.00 | OK | |
r-patched-linux-x86_64 | 0.0.1 | 2.74 | 31.44 | 34.18 | OK | |
r-release-linux-x86_64 | 0.0.1 | 2.55 | 30.71 | 33.26 | OK | |
r-release-macos-arm64 | 0.0.1 | 17.00 | NOTE | |||
r-release-macos-x86_64 | 0.0.1 | 31.00 | NOTE | |||
r-release-windows-x86_64 | 0.0.1 | 28.00 | 59.00 | 87.00 | OK | |
r-oldrel-macos-arm64 | 0.0.1 | 22.00 | NOTE | |||
r-oldrel-macos-x86_64 | 0.0.1 | 28.00 | NOTE | |||
r-oldrel-windows-ix86+x86_64 | 0.0.1 | 12.00 | 54.00 | 66.00 | OK |
Version: 0.0.1
Check: dependencies in R code
Result: NOTE
Namespaces in Imports field not imported from:
‘kableExtra’ ‘readr’ ‘tidyverse’
All declared Imports should be used.
Flavors: r-devel-linux-x86_64-fedora-clang, r-devel-linux-x86_64-fedora-gcc, r-release-macos-arm64, r-release-macos-x86_64, r-oldrel-macos-arm64, r-oldrel-macos-x86_64