CRAN Package Check Results for Package puzzle

Last updated on 2024-02-23 12:51:53 CET.

Flavor Version Tinstall Tcheck Ttotal Status Flags
r-devel-linux-x86_64-debian-clang 0.0.1 OK
r-devel-linux-x86_64-debian-gcc 0.0.1 3.25 23.54 26.79 OK
r-devel-linux-x86_64-fedora-clang 0.0.1 44.49 NOTE
r-devel-linux-x86_64-fedora-gcc 0.0.1 40.99 NOTE
r-devel-windows-x86_64 0.0.1 5.00 47.00 52.00 OK
r-patched-linux-x86_64 0.0.1 3.13 30.36 33.49 OK
r-release-linux-x86_64 0.0.1 2.44 30.08 32.52 OK
r-release-macos-arm64 0.0.1 20.00 OK
r-release-macos-x86_64 0.0.1 27.00 OK
r-release-windows-x86_64 0.0.1 7.00 50.00 57.00 OK
r-oldrel-macos-arm64 0.0.1 17.00 NOTE
r-oldrel-windows-x86_64 0.0.1 7.00 49.00 56.00 OK

Check Details

Version: 0.0.1
Check: dependencies in R code
Result: NOTE Namespaces in Imports field not imported from: ‘kableExtra’ ‘readr’ ‘tidyverse’ All declared Imports should be used. Flavors: r-devel-linux-x86_64-fedora-clang, r-devel-linux-x86_64-fedora-gcc, r-oldrel-macos-arm64