CRAN Package Check Results for Package pushbar

Last updated on 2022-08-16 12:53:09 CEST.

Flavor Version Tinstall Tcheck Ttotal Status Flags
r-devel-linux-x86_64-debian-clang 0.1.0 3.08 36.34 39.42 NOTE
r-devel-linux-x86_64-debian-gcc 0.1.0 2.37 28.78 31.15 NOTE
r-devel-linux-x86_64-fedora-clang 0.1.0 59.72 NOTE
r-devel-linux-x86_64-fedora-gcc 0.1.0 58.32 NOTE
r-devel-windows-x86_64 0.1.0 10.00 69.00 79.00 NOTE
r-patched-linux-x86_64 0.1.0 2.34 35.96 38.30 NOTE
r-release-linux-x86_64 0.1.0 3.15 35.89 39.04 NOTE
r-release-macos-arm64 0.1.0 19.00 NOTE
r-release-macos-x86_64 0.1.0 36.00 NOTE
r-release-windows-x86_64 0.1.0 13.00 67.00 80.00 NOTE
r-oldrel-macos-arm64 0.1.0 24.00 NOTE
r-oldrel-macos-x86_64 0.1.0 32.00 NOTE
r-oldrel-windows-ix86+x86_64 0.1.0 11.00 63.00 74.00 NOTE

Check Details

Version: 0.1.0
Check: LazyData
Result: NOTE
     'LazyData' is specified without a 'data' directory
Flavors: r-devel-linux-x86_64-debian-clang, r-devel-linux-x86_64-debian-gcc, r-devel-linux-x86_64-fedora-clang, r-devel-linux-x86_64-fedora-gcc, r-devel-windows-x86_64, r-patched-linux-x86_64, r-release-linux-x86_64, r-release-macos-arm64, r-release-macos-x86_64, r-release-windows-x86_64, r-oldrel-macos-arm64, r-oldrel-macos-x86_64, r-oldrel-windows-ix86+x86_64