CRAN Package Check Results for Package purrrogress

Last updated on 2020-05-31 13:48:04 CEST.

Flavor Version Tinstall Tcheck Ttotal Status Flags
r-devel-linux-x86_64-debian-clang 0.1.1 5.95 30.41 36.36 OK
r-devel-linux-x86_64-debian-gcc 0.1.1 4.93 23.89 28.82 OK
r-devel-linux-x86_64-fedora-clang 0.1.1 55.31 NOTE
r-devel-linux-x86_64-fedora-gcc 0.1.1 46.07 ERROR
r-devel-windows-ix86+x86_64 0.1.1 16.00 47.00 63.00 OK
r-patched-linux-x86_64 0.1.1 6.35 30.45 36.80 OK
r-patched-solaris-x86 0.1.1 67.10 NOTE
r-release-linux-x86_64 0.1.1 6.54 31.13 37.67 OK
r-release-osx-x86_64 0.1.1 NOTE
r-release-windows-ix86+x86_64 0.1.1 12.00 63.00 75.00 OK
r-oldrel-osx-x86_64 0.1.1 NOTE
r-oldrel-windows-ix86+x86_64 0.1.1 10.00 48.00 58.00 OK

Check Details

Version: 0.1.1
Check: dependencies in R code
Result: NOTE
    Namespaces in Imports field not imported from:
     ‘R6’ ‘hms’
     All declared Imports should be used.
Flavors: r-devel-linux-x86_64-fedora-clang, r-devel-linux-x86_64-fedora-gcc, r-patched-solaris-x86, r-release-osx-x86_64, r-oldrel-osx-x86_64

Version: 0.1.1
Check: tests
Result: ERROR
     Running ‘testthat.R’
    Running the tests in ‘tests/testthat.R’ failed.
    Complete output:
     > library(testthat)
     > library(purrrogress)
     >
     > test_check("purrrogress")
     ── 1. Error: with_progress_group_map (@group_map.R#56) ────────────────────────
     object '.tbl' not found
     Backtrace:
     1. dplyr::group_map(...)
     13. dplyr::count(.tbl)
    
     ══ testthat results ═══════════════════════════════════════════════════════════
     [ OK: 224 | SKIPPED: 0 | WARNINGS: 0 | FAILED: 1 ]
     1. Error: with_progress_group_map (@group_map.R#56)
    
     Error: testthat unit tests failed
     Execution halted
Flavor: r-devel-linux-x86_64-fedora-gcc