CRAN Package Check Results for Package pubh

Last updated on 2022-06-29 06:53:34 CEST.

Flavor Version Tinstall Tcheck Ttotal Status Flags
r-devel-linux-x86_64-debian-clang 1.2.7 12.16 377.91 390.07 OK
r-devel-linux-x86_64-debian-gcc 1.2.7 10.15 270.12 280.27 OK
r-devel-linux-x86_64-fedora-clang 1.2.7 451.03 NOTE
r-devel-linux-x86_64-fedora-gcc 1.2.7 460.74 NOTE
r-devel-windows-x86_64 1.2.7 45.00 406.00 451.00 OK
r-patched-linux-x86_64 1.2.7 19.00 345.36 364.36 OK
r-release-linux-x86_64 1.2.7 10.89 348.51 359.40 OK
r-release-macos-arm64 1.2.7 122.00 NOTE
r-release-macos-x86_64 1.2.7 207.00 NOTE
r-release-windows-x86_64 1.2.7 42.00 418.00 460.00 OK
r-oldrel-macos-arm64 1.2.7 121.00 NOTE
r-oldrel-macos-x86_64 1.2.7 155.00 NOTE
r-oldrel-windows-ix86+x86_64 1.2.7 38.00 431.00 469.00 OK

Check Details

Version: 1.2.7
Check: dependencies in R code
Result: NOTE
    Namespaces in Imports field not imported from:
     ‘Hmisc’ ‘sjPlot’
     All declared Imports should be used.
Flavors: r-devel-linux-x86_64-fedora-clang, r-devel-linux-x86_64-fedora-gcc, r-release-macos-arm64, r-release-macos-x86_64, r-oldrel-macos-arm64, r-oldrel-macos-x86_64