CRAN Package Check Results for Package ptmixed

Last updated on 2020-05-29 07:54:05 CEST.

Flavor Version Tinstall Tcheck Ttotal Status Flags
r-devel-linux-x86_64-debian-clang 0.5.2 3.81 342.08 345.89 OK
r-devel-linux-x86_64-debian-gcc 0.5.2 3.36 258.87 262.23 OK
r-devel-linux-x86_64-fedora-clang 0.5.2 390.97 OK
r-devel-linux-x86_64-fedora-gcc 0.5.2 400.34 OK
r-devel-windows-ix86+x86_64 0.5.2 11.00 364.00 375.00 OK
r-patched-linux-x86_64 0.5.2 3.77 340.55 344.32 OK
r-patched-solaris-x86 0.5.2 415.00 OK
r-release-linux-x86_64 0.5.2 3.73 343.66 347.39 OK
r-release-osx-x86_64 0.5.2 ERROR
r-release-windows-ix86+x86_64 0.5.2 9.00 462.00 471.00 OK
r-oldrel-osx-x86_64 0.5.2 ERROR
r-oldrel-windows-ix86+x86_64 0.5.2 6.00 323.00 329.00 OK

Check Details

Version: 0.5.2
Check: package dependencies
Result: ERROR
    Package required but not available: ‘tweeDEseq’
    
    See section ‘The DESCRIPTION file’ in the ‘Writing R Extensions’
    manual.
Flavors: r-release-osx-x86_64, r-oldrel-osx-x86_64