CRAN Package Check Results for Package ptest

Last updated on 2020-10-21 13:50:02 CEST.

Flavor Version Tinstall Tcheck Ttotal Status Flags
r-devel-linux-x86_64-debian-clang 1.0-8 10.61 100.01 110.62 OK
r-devel-linux-x86_64-debian-gcc 1.0-8 8.08 74.14 82.22 OK
r-devel-linux-x86_64-fedora-clang 1.0-8 146.48 NOTE
r-devel-linux-x86_64-fedora-gcc 1.0-8 128.69 NOTE
r-devel-windows-ix86+x86_64 1.0-8 26.00 161.00 187.00 OK
r-patched-linux-x86_64 1.0-8 9.44 91.77 101.21 OK
r-patched-solaris-x86 1.0-8 188.50 OK
r-release-linux-x86_64 1.0-8 11.38 94.37 105.75 OK
r-release-macos-x86_64 1.0-8 OK
r-release-windows-ix86+x86_64 1.0-8 21.00 119.00 140.00 OK
r-oldrel-macos-x86_64 1.0-8 OK
r-oldrel-windows-ix86+x86_64 1.0-8 24.00 140.00 164.00 OK

Check Details

Version: 1.0-8
Check: compiled code
Result: NOTE
    File ‘ptest/libs/ptest.so’:
     Found no calls to: ‘R_registerRoutines’, ‘R_useDynamicSymbols’
    
    It is good practice to register native routines and to disable symbol
    search.
    
    See ‘Writing portable packages’ in the ‘Writing R Extensions’ manual.
Flavors: r-devel-linux-x86_64-fedora-clang, r-devel-linux-x86_64-fedora-gcc