Last updated on 2023-02-03 00:51:11 CET.
Flavor | Version | Tinstall | Tcheck | Ttotal | Status | Flags |
---|---|---|---|---|---|---|
r-devel-linux-x86_64-debian-clang | 1.0.3 | 11.62 | 117.23 | 128.85 | NOTE | |
r-devel-linux-x86_64-debian-gcc | 1.0.3 | 9.75 | 88.14 | 97.89 | NOTE | |
r-devel-linux-x86_64-fedora-clang | 1.0.3 | 157.66 | NOTE | |||
r-devel-linux-x86_64-fedora-gcc | 1.0.3 | 169.59 | NOTE | |||
r-devel-windows-x86_64 | 1.0.3 | 19.00 | 151.00 | 170.00 | NOTE | |
r-patched-linux-x86_64 | 1.0.3 | 11.25 | 110.58 | 121.83 | NOTE | |
r-release-linux-x86_64 | 1.0.3 | 12.66 | 111.38 | 124.04 | NOTE | |
r-release-macos-arm64 | 1.0.3 | 56.00 | NOTE | |||
r-release-macos-x86_64 | 1.0.3 | 74.00 | NOTE | |||
r-release-windows-x86_64 | 1.0.3 | 21.00 | 146.00 | 167.00 | NOTE | |
r-oldrel-macos-arm64 | 1.0.3 | 53.00 | NOTE | |||
r-oldrel-macos-x86_64 | 1.0.3 | 88.00 | NOTE | |||
r-oldrel-windows-ix86+x86_64 | 1.0.3 | 26.00 | 136.00 | 162.00 | NOTE |
Version: 1.0.3
Check: LazyData
Result: NOTE
'LazyData' is specified without a 'data' directory
Flavors: r-devel-linux-x86_64-debian-clang, r-devel-linux-x86_64-debian-gcc, r-devel-linux-x86_64-fedora-clang, r-devel-linux-x86_64-fedora-gcc, r-devel-windows-x86_64, r-patched-linux-x86_64, r-release-linux-x86_64, r-release-macos-arm64, r-release-macos-x86_64, r-release-windows-x86_64, r-oldrel-macos-arm64, r-oldrel-macos-x86_64, r-oldrel-windows-ix86+x86_64