CRAN Package Check Results for Package psica

Last updated on 2022-09-29 21:49:14 CEST.

Flavor Version Tinstall Tcheck Ttotal Status Flags
r-devel-linux-x86_64-debian-clang 1.0.2 10.89 94.39 105.28 NOTE
r-devel-linux-x86_64-debian-gcc 1.0.2 8.07 69.92 77.99 NOTE
r-devel-linux-x86_64-fedora-clang 1.0.2 138.53 NOTE
r-devel-linux-x86_64-fedora-gcc 1.0.2 130.63 NOTE
r-devel-windows-x86_64 1.0.2 15.00 111.00 126.00 NOTE
r-patched-linux-x86_64 1.0.2 9.03 89.57 98.60 NOTE
r-release-linux-x86_64 1.0.2 9.68 89.12 98.80 NOTE
r-release-macos-arm64 1.0.2 33.00 NOTE
r-release-macos-x86_64 1.0.2 65.00 NOTE
r-release-windows-x86_64 1.0.2 13.00 118.00 131.00 NOTE
r-oldrel-macos-arm64 1.0.2 39.00 NOTE
r-oldrel-macos-x86_64 1.0.2 66.00 NOTE
r-oldrel-windows-ix86+x86_64 1.0.2 21.00 112.00 133.00 NOTE

Check Details

Version: 1.0.2
Check: LazyData
Result: NOTE
     'LazyData' is specified without a 'data' directory
Flavors: r-devel-linux-x86_64-debian-clang, r-devel-linux-x86_64-debian-gcc, r-devel-linux-x86_64-fedora-clang, r-devel-linux-x86_64-fedora-gcc, r-devel-windows-x86_64, r-patched-linux-x86_64, r-release-linux-x86_64, r-release-macos-arm64, r-release-macos-x86_64, r-release-windows-x86_64, r-oldrel-macos-arm64, r-oldrel-macos-x86_64, r-oldrel-windows-ix86+x86_64