CRAN Package Check Results for Package psica

Last updated on 2024-06-22 06:50:57 CEST.

Flavor Version Tinstall Tcheck Ttotal Status Flags
r-devel-linux-x86_64-debian-clang 1.0.2 8.83 92.76 101.59 NOTE
r-devel-linux-x86_64-debian-gcc 1.0.2 8.09 68.65 76.74 NOTE
r-devel-linux-x86_64-fedora-clang 1.0.2 125.71 NOTE
r-devel-linux-x86_64-fedora-gcc 1.0.2 124.01 NOTE
r-devel-windows-x86_64 1.0.2 9.00 80.00 89.00 NOTE
r-patched-linux-x86_64 1.0.2 9.27 87.72 96.99 NOTE
r-release-linux-x86_64 1.0.2 9.26 87.91 97.17 NOTE
r-release-macos-arm64 1.0.2 38.00 NOTE
r-release-macos-x86_64 1.0.2 78.00 NOTE
r-release-windows-x86_64 1.0.2 10.00 81.00 91.00 NOTE
r-oldrel-macos-arm64 1.0.2 41.00 NOTE
r-oldrel-macos-x86_64 1.0.2 66.00 NOTE
r-oldrel-windows-x86_64 1.0.2 12.00 94.00 106.00 NOTE

Check Details

Version: 1.0.2
Check: LazyData
Result: NOTE 'LazyData' is specified without a 'data' directory Flavors: r-devel-linux-x86_64-debian-clang, r-devel-linux-x86_64-debian-gcc, r-devel-linux-x86_64-fedora-clang, r-devel-linux-x86_64-fedora-gcc, r-devel-windows-x86_64, r-patched-linux-x86_64, r-release-linux-x86_64, r-release-macos-arm64, r-release-macos-x86_64, r-release-windows-x86_64, r-oldrel-macos-arm64, r-oldrel-macos-x86_64, r-oldrel-windows-x86_64