CRAN Package Check Results for Package psfmi

Last updated on 2020-11-25 19:49:29 CET.

Flavor Version Tinstall Tcheck Ttotal Status Flags
r-devel-linux-x86_64-debian-clang 0.5.0 25.22 584.23 609.45 OK
r-devel-linux-x86_64-debian-gcc 0.5.0 18.37 444.71 463.08 OK
r-devel-linux-x86_64-fedora-clang 0.5.0 730.36 NOTE
r-devel-linux-x86_64-fedora-gcc 0.5.0 436.29 OK
r-devel-windows-ix86+x86_64 0.5.0 48.00 710.00 758.00 NOTE
r-patched-linux-x86_64 0.5.0 26.59 583.88 610.47 OK
r-patched-solaris-x86 0.5.0 947.10 NOTE
r-release-linux-x86_64 0.5.0 21.56 593.33 614.89 OK
r-release-macos-x86_64 0.5.0 NOTE
r-release-windows-ix86+x86_64 0.5.0 51.00 579.00 630.00 NOTE
r-oldrel-macos-x86_64 0.5.0 NOTE
r-oldrel-windows-ix86+x86_64 0.5.0 30.00 484.00 514.00 NOTE

Check Details

Version: 0.5.0
Check: installed package size
Result: NOTE
     installed size is 7.1Mb
     sub-directories of 1Mb or more:
     doc 6.5Mb
Flavors: r-devel-linux-x86_64-fedora-clang, r-devel-windows-ix86+x86_64, r-patched-solaris-x86, r-release-macos-x86_64, r-release-windows-ix86+x86_64, r-oldrel-macos-x86_64, r-oldrel-windows-ix86+x86_64