CRAN Package Check Results for Package psda

Last updated on 2022-08-13 12:55:22 CEST.

Flavor Version Tinstall Tcheck Ttotal Status Flags
r-devel-linux-x86_64-debian-clang 1.4.0 3.14 46.58 49.72 OK
r-devel-linux-x86_64-debian-gcc 1.4.0 3.03 35.06 38.09 OK
r-devel-linux-x86_64-fedora-clang 1.4.0 69.33 NOTE
r-devel-linux-x86_64-fedora-gcc 1.4.0 66.95 NOTE
r-devel-windows-x86_64 1.4.0 17.00 78.00 95.00 OK
r-patched-linux-x86_64 1.4.0 4.00 43.01 47.01 OK
r-release-linux-x86_64 1.4.0 2.79 43.12 45.91 OK
r-release-macos-arm64 1.4.0 24.00 NOTE
r-release-macos-x86_64 1.4.0 41.00 NOTE
r-release-windows-x86_64 1.4.0 16.00 78.00 94.00 OK
r-oldrel-macos-arm64 1.4.0 29.00 NOTE
r-oldrel-macos-x86_64 1.4.0 38.00 NOTE
r-oldrel-windows-ix86+x86_64 1.4.0 9.00 65.00 74.00 OK

Check Details

Version: 1.4.0
Check: dependencies in R code
Result: NOTE
    Namespace in Imports field not imported from: ‘raster’
     All declared Imports should be used.
Flavors: r-devel-linux-x86_64-fedora-clang, r-devel-linux-x86_64-fedora-gcc, r-release-macos-arm64, r-release-macos-x86_64, r-oldrel-macos-arm64, r-oldrel-macos-x86_64