CRAN Package Check Results for Package pscl

Last updated on 2022-06-27 21:51:27 CEST.

Flavor Version Tinstall Tcheck Ttotal Status Flags
r-devel-linux-x86_64-debian-clang 1.5.5 14.10 108.57 122.67 OK
r-devel-linux-x86_64-debian-gcc 1.5.5 10.65 81.06 91.71 OK
r-devel-linux-x86_64-fedora-clang 1.5.5 158.20 OK
r-devel-linux-x86_64-fedora-gcc 1.5.5 156.42 OK
r-devel-windows-x86_64 1.5.5 66.00 171.00 237.00 OK
r-patched-linux-x86_64 1.5.5 14.89 103.07 117.96 OK
r-release-linux-x86_64 1.5.5 12.16 102.30 114.46 OK
r-release-macos-arm64 1.5.5 53.00 NOTE
r-release-macos-x86_64 1.5.5 71.00 OK
r-release-windows-x86_64 1.5.5 77.00 165.00 242.00 OK
r-oldrel-macos-arm64 1.5.5 58.00 OK
r-oldrel-macos-x86_64 1.5.5 75.00 OK
r-oldrel-windows-ix86+x86_64 1.5.5 38.00 191.00 229.00 OK

Check Details

Version: 1.5.5
Check: package dependencies
Result: NOTE
    Package suggested but not available for checking: ‘zoo’
Flavor: r-release-macos-arm64