Last updated on 2023-01-31 19:07:33 CET.
Flavor | Version | Tinstall | Tcheck | Ttotal | Status | Flags |
---|---|---|---|---|---|---|
r-devel-linux-x86_64-debian-clang | 0.1.1 | 45.24 | 436.30 | 481.54 | OK | |
r-devel-linux-x86_64-debian-gcc | 0.1.1 | 42.10 | 322.27 | 364.37 | OK | |
r-devel-linux-x86_64-fedora-clang | 0.1.1 | 633.16 | OK | |||
r-devel-linux-x86_64-fedora-gcc | 0.1.1 | 627.58 | OK | |||
r-devel-windows-x86_64 | 0.1.1 | 232.00 | 521.00 | 753.00 | OK | |
r-patched-linux-x86_64 | 0.1.1 | 40.00 | 409.13 | 449.13 | OK | |
r-release-linux-x86_64 | 0.1.1 | 39.14 | 421.80 | 460.94 | OK | |
r-release-macos-arm64 | 0.1.1 | 169.00 | OK | |||
r-release-macos-x86_64 | 0.1.1 | 250.00 | OK | |||
r-release-windows-x86_64 | 0.1.1 | 276.00 | 544.00 | 820.00 | OK | |
r-oldrel-macos-arm64 | 0.1.1 | 248.00 | NOTE | |||
r-oldrel-macos-x86_64 | 0.1.1 | 309.00 | OK | |||
r-oldrel-windows-ix86+x86_64 | 0.1.1 | 105.00 | 691.00 | 796.00 | OK |
Version: 0.1.1
Check: installed package size
Result: NOTE
installed size is 5.1Mb
sub-directories of 1Mb or more:
data 4.6Mb
Flavor: r-oldrel-macos-arm64