Last updated on 2023-09-26 13:08:39 CEST.
Flavor | Version | Tinstall | Tcheck | Ttotal | Status | Flags |
---|---|---|---|---|---|---|
r-devel-linux-x86_64-debian-clang | 1.7.5 | 10.28 | 55.39 | 65.67 | OK | |
r-devel-linux-x86_64-debian-gcc | 1.7.5 | 6.83 | 43.30 | 50.13 | OK | |
r-devel-linux-x86_64-fedora-clang | 1.7.5 | 84.68 | OK | |||
r-devel-linux-x86_64-fedora-gcc | 1.7.5 | 82.57 | OK | |||
r-devel-windows-x86_64 | 1.7.5 | 50.00 | 163.00 | 213.00 | WARN | |
r-patched-linux-x86_64 | 1.7.5 | 12.53 | 53.08 | 65.61 | OK | |
r-release-linux-x86_64 | 1.7.5 | 9.32 | 54.05 | 63.37 | OK | |
r-release-macos-arm64 | 1.7.5 | 47.00 | OK | |||
r-release-macos-x86_64 | 1.7.5 | 68.00 | OK | |||
r-release-windows-x86_64 | 1.7.5 | 47.00 | 143.00 | 190.00 | WARN | |
r-oldrel-macos-arm64 | 1.7.5 | 46.00 | OK | |||
r-oldrel-macos-x86_64 | 1.7.5 | 66.00 | OK | |||
r-oldrel-windows-x86_64 | 1.7.5 | 41.00 | 130.00 | 171.00 | OK |
Version: 1.7.5
Check: whether package can be installed
Result: WARN
Found the following significant warnings:
arch/windows/process_handles.h:100:1: warning: function declaration isn't a prototype [-Wstrict-prototypes]
arch/windows/process_handles.c:23:6: warning: function declaration isn't a prototype [-Wstrict-prototypes]
See 'd:/Rcompile/CRANpkg/local/4.4/ps.Rcheck/00install.out' for details.
* used C compiler: 'gcc.exe (GCC) 12.2.0'
Flavor: r-devel-windows-x86_64
Version: 1.7.5
Check: whether package can be installed
Result: WARN
Found the following significant warnings:
arch/windows/process_handles.h:100:1: warning: function declaration isn't a prototype [-Wstrict-prototypes]
arch/windows/process_handles.c:23:6: warning: function declaration isn't a prototype [-Wstrict-prototypes]
See 'd:/Rcompile/CRANpkg/local/4.3/ps.Rcheck/00install.out' for details.
* used C compiler: 'gcc.exe (GCC) 12.2.0'
Flavor: r-release-windows-x86_64