CRAN Package Check Results for Package ps

Last updated on 2022-09-29 21:49:14 CEST.

Flavor Version Tinstall Tcheck Ttotal Status Flags
r-devel-linux-x86_64-debian-clang 1.7.1 9.46 54.05 63.51 OK
r-devel-linux-x86_64-debian-gcc 1.7.1 7.12 41.77 48.89 OK
r-devel-linux-x86_64-fedora-clang 1.7.1 93.92 OK
r-devel-linux-x86_64-fedora-gcc 1.7.1 88.81 OK
r-devel-windows-x86_64 1.7.1 133.00 181.00 314.00 WARN
r-patched-linux-x86_64 1.7.1 9.87 49.05 58.92 OK
r-release-linux-x86_64 1.7.1 8.99 50.50 59.49 OK
r-release-macos-arm64 1.7.1 41.00 OK
r-release-macos-x86_64 1.7.1 67.00 OK
r-release-windows-x86_64 1.7.1 177.00 167.00 344.00 OK
r-oldrel-macos-arm64 1.7.1 41.00 OK
r-oldrel-macos-x86_64 1.7.1 65.00 OK
r-oldrel-windows-ix86+x86_64 1.7.1 73.00 132.00 205.00 OK

Check Details

Version: 1.7.1
Check: whether package can be installed
Result: WARN
    Found the following significant warnings:
     api-windows.c:923:69: warning: format '%d' expects argument of type 'int', but argument 4 has type 'DWORD' {aka 'long unsigned int'} [-Wformat=]
Flavor: r-devel-windows-x86_64