CRAN Package Check Results for Package provSummarizeR

Last updated on 2024-05-25 12:48:09 CEST.

Flavor Version Tinstall Tcheck Ttotal Status Flags
r-devel-linux-x86_64-debian-clang 1.5.1 2.00 28.35 30.35 NOTE
r-devel-linux-x86_64-debian-gcc 1.5.1 2.18 22.38 24.56 NOTE
r-devel-linux-x86_64-fedora-clang 1.5.1 42.25 NOTE
r-devel-linux-x86_64-fedora-gcc 1.5.1 52.02 NOTE
r-devel-windows-x86_64 1.5.1 3.00 54.00 57.00 NOTE
r-patched-linux-x86_64 1.5.1 2.45 27.49 29.94 NOTE
r-release-linux-x86_64 1.5.1 2.63 27.95 30.58 NOTE
r-release-macos-arm64 1.5.1 84.00 NOTE
r-release-windows-x86_64 1.5.1 3.00 44.00 47.00 NOTE
r-oldrel-macos-arm64 1.5.1 23.00 NOTE
r-oldrel-macos-x86_64 1.5.1 33.00 NOTE
r-oldrel-windows-x86_64 1.5.1 4.00 45.00 49.00 NOTE

Check Details

Version: 1.5.1
Check: package dependencies
Result: NOTE Package suggested but not available for checking: ‘rdt’ Flavors: r-devel-linux-x86_64-debian-clang, r-devel-linux-x86_64-debian-gcc, r-devel-linux-x86_64-fedora-clang, r-devel-linux-x86_64-fedora-gcc, r-devel-windows-x86_64, r-patched-linux-x86_64, r-release-linux-x86_64, r-release-macos-arm64, r-release-windows-x86_64, r-oldrel-macos-arm64, r-oldrel-macos-x86_64, r-oldrel-windows-x86_64