CRAN Package Check Results for Package provDebugR

Last updated on 2022-10-06 12:55:33 CEST.

Flavor Version Tinstall Tcheck Ttotal Status Flags
r-devel-linux-x86_64-debian-clang 1.0.1 3.21 56.53 59.74 NOTE
r-devel-linux-x86_64-debian-gcc 1.0.1 2.21 41.48 43.69 NOTE
r-devel-linux-x86_64-fedora-clang 1.0.1 86.94 NOTE
r-devel-linux-x86_64-fedora-gcc 1.0.1 82.78 NOTE
r-devel-windows-x86_64 1.0.1 37.00 95.00 132.00 NOTE
r-patched-linux-x86_64 1.0.1 4.59 53.14 57.73 NOTE
r-release-linux-x86_64 1.0.1 4.31 53.87 58.18 NOTE
r-release-macos-arm64 1.0.1 26.00 NOTE
r-release-macos-x86_64 1.0.1 35.00 NOTE
r-release-windows-x86_64 1.0.1 42.00 104.00 146.00 NOTE
r-oldrel-macos-arm64 1.0.1 30.00 NOTE
r-oldrel-macos-x86_64 1.0.1 50.00 NOTE
r-oldrel-windows-ix86+x86_64 1.0.1 9.00 85.00 94.00 NOTE

Check Details

Version: 1.0.1
Check: package dependencies
Result: NOTE
    Package suggested but not available for checking: 'rdt'
Flavors: r-devel-linux-x86_64-debian-clang, r-devel-linux-x86_64-debian-gcc, r-devel-linux-x86_64-fedora-clang, r-devel-linux-x86_64-fedora-gcc, r-devel-windows-x86_64, r-patched-linux-x86_64, r-release-linux-x86_64, r-release-macos-arm64, r-release-windows-x86_64, r-oldrel-macos-arm64, r-oldrel-macos-x86_64, r-oldrel-windows-ix86+x86_64

Version: 1.0.1
Check: package dependencies
Result: NOTE
    Packages suggested but not available for checking: 'rdtLite', 'rdt'
Flavor: r-release-macos-x86_64