Last updated on 2022-08-17 12:55:23 CEST.
Flavor | Version | Tinstall | Tcheck | Ttotal | Status | Flags |
---|---|---|---|---|---|---|
r-devel-linux-x86_64-debian-clang | 0.4.0 | 7.62 | 69.76 | 77.38 | OK | |
r-devel-linux-x86_64-debian-gcc | 0.4.0 | OK | ||||
r-devel-linux-x86_64-fedora-clang | 0.4.0 | 104.30 | NOTE | |||
r-devel-linux-x86_64-fedora-gcc | 0.4.0 | 100.77 | NOTE | |||
r-devel-windows-x86_64 | 0.4.0 | 18.00 | 101.00 | 119.00 | OK | |
r-patched-linux-x86_64 | 0.4.0 | 7.88 | 65.44 | 73.32 | OK | |
r-release-linux-x86_64 | 0.4.0 | 7.39 | 65.15 | 72.54 | OK | |
r-release-macos-arm64 | 0.4.0 | 31.00 | NOTE | |||
r-release-macos-x86_64 | 0.4.0 | 55.00 | NOTE | |||
r-release-windows-x86_64 | 0.4.0 | 25.00 | 103.00 | 128.00 | OK | |
r-oldrel-macos-arm64 | 0.4.0 | 32.00 | NOTE | |||
r-oldrel-macos-x86_64 | 0.4.0 | 46.00 | NOTE | |||
r-oldrel-windows-ix86+x86_64 | 0.4.0 | 19.00 | 98.00 | 117.00 | OK |
Version: 0.4.0
Check: data for non-ASCII characters
Result: NOTE
Note: found 12717 marked UTF-8 strings
Flavors: r-devel-linux-x86_64-fedora-clang, r-devel-linux-x86_64-fedora-gcc, r-release-macos-arm64, r-release-macos-x86_64, r-oldrel-macos-arm64, r-oldrel-macos-x86_64