Last updated on 2023-02-09 06:55:39 CET.
Flavor | Version | Tinstall | Tcheck | Ttotal | Status | Flags |
---|---|---|---|---|---|---|
r-devel-linux-x86_64-debian-clang | 0.6.0 | 23.72 | 271.45 | 295.17 | OK | |
r-devel-linux-x86_64-debian-gcc | 0.6.0 | 17.15 | 188.23 | 205.38 | OK | |
r-devel-linux-x86_64-fedora-clang | 0.6.0 | 367.18 | OK | |||
r-devel-linux-x86_64-fedora-gcc | 0.6.0 | 352.98 | OK | |||
r-devel-windows-x86_64 | 0.6.0 | 205.00 | 319.00 | 524.00 | OK | |
r-patched-linux-x86_64 | 0.6.0 | 16.01 | 241.18 | 257.19 | OK | |
r-release-linux-x86_64 | 0.6.0 | 16.92 | 245.83 | 262.75 | OK | |
r-release-macos-arm64 | 0.6.0 | 86.00 | OK | |||
r-release-macos-x86_64 | 0.6.0 | 114.00 | OK | |||
r-release-windows-x86_64 | 0.6.0 | 89.00 | 302.00 | 391.00 | OK | |
r-oldrel-macos-arm64 | 0.6.0 | 79.00 | NOTE | |||
r-oldrel-macos-x86_64 | 0.6.0 | 116.00 | OK | |||
r-oldrel-windows-ix86+x86_64 | 0.6.0 | 42.00 | 295.00 | 337.00 | OK |
Version: 0.6.0
Check: package dependencies
Result: NOTE
Package suggested but not available for checking: ‘proDA’
Flavor: r-oldrel-macos-arm64