CRAN Package Check Results for Package protti

Last updated on 2022-08-13 07:11:42 CEST.

Flavor Version Tinstall Tcheck Ttotal Status Flags
r-devel-linux-x86_64-debian-clang 0.3.1 23.09 214.28 237.37 OK
r-devel-linux-x86_64-debian-gcc 0.3.1 16.68 152.27 168.95 OK
r-devel-linux-x86_64-fedora-clang 0.3.1 267.63 NOTE
r-devel-linux-x86_64-fedora-gcc 0.3.1 268.27 OK
r-devel-windows-x86_64 0.3.1 75.00 260.00 335.00 OK
r-patched-linux-x86_64 0.3.1 17.09 194.43 211.52 OK
r-release-linux-x86_64 0.3.1 18.61 194.50 213.11 OK
r-release-macos-arm64 0.3.1 75.00 OK
r-release-macos-x86_64 0.3.1 97.00 OK
r-release-windows-x86_64 0.3.1 84.00 246.00 330.00 OK
r-oldrel-macos-arm64 0.3.1 70.00 NOTE
r-oldrel-macos-x86_64 0.3.1 97.00 OK
r-oldrel-windows-ix86+x86_64 0.3.1 39.00 233.00 272.00 OK

Check Details

Version: 0.3.1
Check: package dependencies
Result: NOTE
    Package suggested but not available for checking: ‘proDA’
Flavors: r-devel-linux-x86_64-fedora-clang, r-oldrel-macos-arm64