Last updated on 2022-06-25 12:54:31 CEST.
Flavor | Version | Tinstall | Tcheck | Ttotal | Status | Flags |
---|---|---|---|---|---|---|
r-devel-linux-x86_64-debian-clang | 0.7.3 | 49.02 | 100.29 | 149.31 | OK | |
r-devel-linux-x86_64-debian-gcc | 0.7.3 | 42.94 | 76.47 | 119.41 | OK | |
r-devel-linux-x86_64-fedora-clang | 0.7.3 | 221.88 | NOTE | |||
r-devel-linux-x86_64-fedora-gcc | 0.7.3 | 210.21 | OK | |||
r-devel-windows-x86_64 | 0.7.3 | 100.00 | 230.00 | 330.00 | OK | |
r-patched-linux-x86_64 | 0.7.3 | 43.65 | 96.51 | 140.16 | OK | |
r-release-linux-x86_64 | 0.7.3 | 46.78 | 96.60 | 143.38 | OK | |
r-release-macos-arm64 | 0.7.3 | 61.00 | NOTE | |||
r-release-macos-x86_64 | 0.7.3 | 87.00 | NOTE | |||
r-release-windows-x86_64 | 0.7.3 | 98.00 | 227.00 | 325.00 | OK | |
r-oldrel-macos-arm64 | 0.7.3 | 62.00 | NOTE | |||
r-oldrel-macos-x86_64 | 0.7.3 | 106.00 | NOTE | |||
r-oldrel-windows-ix86+x86_64 | 0.7.3 | 128.00 | 205.00 | 333.00 | NOTE |
Version: 0.7.3
Check: installed package size
Result: NOTE
installed size is 5.8Mb
sub-directories of 1Mb or more:
data 2.3Mb
libs 2.3Mb
Flavors: r-devel-linux-x86_64-fedora-clang, r-release-macos-arm64, r-release-macos-x86_64, r-oldrel-macos-arm64, r-oldrel-macos-x86_64, r-oldrel-windows-ix86+x86_64
Version: 0.7.3
Check: Rd cross-references
Result: NOTE
Undeclared package ‘XML’ in Rd xrefs
Flavor: r-devel-linux-x86_64-fedora-clang