CRAN Package Check Results for Package prophet

Last updated on 2022-08-08 00:54:16 CEST.

Flavor Version Tinstall Tcheck Ttotal Status Flags
r-devel-linux-x86_64-debian-clang 1.0 134.98 467.11 602.09 NOTE
r-devel-linux-x86_64-debian-gcc 1.0 120.92 363.70 484.62 NOTE
r-devel-linux-x86_64-fedora-clang 1.0 752.06 NOTE
r-devel-linux-x86_64-fedora-gcc 1.0 748.35 NOTE
r-devel-windows-x86_64 1.0 128.00 395.00 523.00 NOTE
r-patched-linux-x86_64 1.0 124.07 433.45 557.52 NOTE
r-release-linux-x86_64 1.0 95.04 469.33 564.37 NOTE
r-release-macos-arm64 1.0 177.00 NOTE
r-release-macos-x86_64 1.0 348.00 NOTE
r-release-windows-x86_64 1.0 123.00 386.00 509.00 NOTE
r-oldrel-macos-arm64 1.0 255.00 NOTE
r-oldrel-macos-x86_64 1.0 355.00 NOTE
r-oldrel-windows-ix86+x86_64 1.0 298.00 443.00 741.00 NOTE

Check Details

Version: 1.0
Check: for GNU extensions in Makefiles
Result: NOTE
    GNU make is a SystemRequirements.
Flavors: r-devel-linux-x86_64-debian-clang, r-devel-linux-x86_64-debian-gcc, r-devel-linux-x86_64-fedora-clang, r-devel-linux-x86_64-fedora-gcc, r-devel-windows-x86_64, r-patched-linux-x86_64, r-release-linux-x86_64, r-release-macos-arm64, r-release-macos-x86_64, r-release-windows-x86_64, r-oldrel-macos-arm64, r-oldrel-macos-x86_64, r-oldrel-windows-ix86+x86_64

Version: 1.0
Check: installed package size
Result: NOTE
     installed size is 23.6Mb
     sub-directories of 1Mb or more:
     libs 22.9Mb
Flavors: r-devel-linux-x86_64-fedora-clang, r-release-macos-arm64, r-release-macos-x86_64, r-oldrel-macos-arm64, r-oldrel-macos-x86_64

Version: 1.0
Check: dependencies in R code
Result: NOTE
    Namespaces in Imports field not imported from:
     ‘StanHeaders’ ‘methods’ ‘rstantools’
     All declared Imports should be used.
Flavors: r-devel-linux-x86_64-fedora-clang, r-devel-linux-x86_64-fedora-gcc, r-release-macos-arm64, r-release-macos-x86_64, r-oldrel-macos-arm64, r-oldrel-macos-x86_64