CRAN Package Check Results for Package prompt

Last updated on 2022-09-26 06:51:19 CEST.

Flavor Version Tinstall Tcheck Ttotal Status Flags
r-devel-linux-x86_64-debian-clang 1.0.1 2.43 32.32 34.75 NOTE
r-devel-linux-x86_64-debian-gcc 1.0.1 1.84 25.38 27.22 NOTE
r-devel-linux-x86_64-fedora-clang 1.0.1 56.84 NOTE
r-devel-linux-x86_64-fedora-gcc 1.0.1 53.39 NOTE
r-devel-windows-x86_64 1.0.1 20.00 59.00 79.00 NOTE
r-patched-linux-x86_64 1.0.1 2.81 31.62 34.43 NOTE
r-release-linux-x86_64 1.0.1 2.64 30.85 33.49 NOTE
r-release-macos-arm64 1.0.1 17.00 NOTE
r-release-macos-x86_64 1.0.1 25.00 NOTE
r-release-windows-x86_64 1.0.1 23.00 58.00 81.00 NOTE
r-oldrel-macos-arm64 1.0.1 22.00 NOTE
r-oldrel-macos-x86_64 1.0.1 32.00 NOTE
r-oldrel-windows-ix86+x86_64 1.0.1 7.00 55.00 62.00 NOTE

Check Details

Version: 1.0.1
Check: LazyData
Result: NOTE
     'LazyData' is specified without a 'data' directory
Flavors: r-devel-linux-x86_64-debian-clang, r-devel-linux-x86_64-debian-gcc, r-devel-linux-x86_64-fedora-clang, r-devel-linux-x86_64-fedora-gcc, r-devel-windows-x86_64, r-patched-linux-x86_64, r-release-linux-x86_64, r-release-macos-arm64, r-release-macos-x86_64, r-release-windows-x86_64, r-oldrel-macos-arm64, r-oldrel-macos-x86_64, r-oldrel-windows-ix86+x86_64