CRAN Package Check Results for Package projmgr

Last updated on 2022-08-16 06:52:32 CEST.

Flavor Version Tinstall Tcheck Ttotal Status Flags
r-devel-linux-x86_64-debian-clang 0.1.0 4.47 37.29 41.76 NOTE
r-devel-linux-x86_64-debian-gcc 0.1.0 3.08 28.09 31.17 NOTE
r-devel-linux-x86_64-fedora-clang 0.1.0 60.08 NOTE
r-devel-linux-x86_64-fedora-gcc 0.1.0 68.10 NOTE
r-devel-windows-x86_64 0.1.0 34.00 74.00 108.00 NOTE
r-patched-linux-x86_64 0.1.0 4.65 34.47 39.12 NOTE
r-release-linux-x86_64 0.1.0 3.67 33.81 37.48 NOTE
r-release-macos-arm64 0.1.0 35.00 NOTE
r-release-macos-x86_64 0.1.0 32.00 NOTE
r-release-windows-x86_64 0.1.0 39.00 63.00 102.00 NOTE
r-oldrel-macos-arm64 0.1.0 62.00 NOTE
r-oldrel-macos-x86_64 0.1.0 65.00 NOTE
r-oldrel-windows-ix86+x86_64 0.1.0 8.00 58.00 66.00 NOTE

Check Details

Version: 0.1.0
Check: LazyData
Result: NOTE
     'LazyData' is specified without a 'data' directory
Flavors: r-devel-linux-x86_64-debian-clang, r-devel-linux-x86_64-debian-gcc, r-devel-linux-x86_64-fedora-clang, r-devel-linux-x86_64-fedora-gcc, r-devel-windows-x86_64, r-patched-linux-x86_64, r-release-linux-x86_64, r-release-macos-arm64, r-release-macos-x86_64, r-release-windows-x86_64, r-oldrel-macos-arm64, r-oldrel-macos-x86_64, r-oldrel-windows-ix86+x86_64