CRAN Package Check Results for Package progress

Last updated on 2022-08-08 18:52:15 CEST.

Flavor Version Tinstall Tcheck Ttotal Status Flags
r-devel-linux-x86_64-debian-clang 1.2.2 5.29 34.88 40.17 NOTE
r-devel-linux-x86_64-debian-gcc 1.2.2 3.40 27.12 30.52 NOTE
r-devel-linux-x86_64-fedora-clang 1.2.2 58.79 NOTE
r-devel-linux-x86_64-fedora-gcc 1.2.2 57.04 NOTE
r-devel-windows-x86_64 1.2.2 22.00 66.00 88.00 NOTE
r-patched-linux-x86_64 1.2.2 4.90 33.78 38.68 NOTE
r-release-linux-x86_64 1.2.2 NOTE
r-release-macos-arm64 1.2.2 19.00 NOTE
r-release-macos-x86_64 1.2.2 26.00 NOTE
r-release-windows-x86_64 1.2.2 13.00 67.00 80.00 NOTE
r-oldrel-macos-arm64 1.2.2 22.00 NOTE
r-oldrel-macos-x86_64 1.2.2 31.00 NOTE
r-oldrel-windows-ix86+x86_64 1.2.2 9.00 53.00 62.00 NOTE

Check Details

Version: 1.2.2
Check: LazyData
Result: NOTE
     'LazyData' is specified without a 'data' directory
Flavors: r-devel-linux-x86_64-debian-clang, r-devel-linux-x86_64-debian-gcc, r-devel-linux-x86_64-fedora-clang, r-devel-linux-x86_64-fedora-gcc, r-devel-windows-x86_64, r-patched-linux-x86_64, r-release-linux-x86_64, r-release-macos-arm64, r-release-macos-x86_64, r-release-windows-x86_64, r-oldrel-macos-arm64, r-oldrel-macos-x86_64, r-oldrel-windows-ix86+x86_64