CRAN Package Check Results for Package princurve

Last updated on 2022-08-18 18:50:09 CEST.

Flavor Version Tinstall Tcheck Ttotal Status Flags
r-devel-linux-x86_64-debian-clang 2.1.6 20.55 36.16 56.71 OK
r-devel-linux-x86_64-debian-gcc 2.1.6 16.40 28.10 44.50 OK
r-devel-linux-x86_64-fedora-clang 2.1.6 86.01 OK
r-devel-linux-x86_64-fedora-gcc 2.1.6 80.17 OK
r-devel-windows-x86_64 2.1.6 30.00 80.00 110.00 OK
r-patched-linux-x86_64 2.1.6 15.33 35.08 50.41 OK
r-release-linux-x86_64 2.1.6 OK
r-release-macos-arm64 2.1.6 24.00 OK
r-release-macos-x86_64 2.1.6 34.00 OK
r-release-windows-x86_64 2.1.6 26.00 85.00 111.00 OK
r-oldrel-macos-arm64 2.1.6 31.00 OK
r-oldrel-macos-x86_64 2.1.6 46.00 OK
r-oldrel-windows-ix86+x86_64 2.1.6 49.00 99.00 148.00 WARN

Check Details

Version: 2.1.6
Check: for unstated dependencies in ‘tests’
Result: WARN
    Warning: unable to access index for repository https://bioconductor.org/packages/3.14/bioc/src/contrib:
     cannot open URL 'https://bioconductor.org/packages/3.14/bioc/src/contrib/PACKAGES'
    Warning: unable to access index for repository https://bioconductor.org/packages/3.14/data/annotation/src/contrib:
     cannot open URL 'https://bioconductor.org/packages/3.14/data/annotation/src/contrib/PACKAGES'
    Warning: unable to access index for repository https://bioconductor.org/packages/3.14/data/experiment/src/contrib:
     cannot open URL 'https://bioconductor.org/packages/3.14/data/experiment/src/contrib/PACKAGES'
Flavor: r-oldrel-windows-ix86+x86_64