CRAN Package Check Results for Package prevtoinc

Last updated on 2021-04-09 19:49:37 CEST.

Flavor Version Tinstall Tcheck Ttotal Status Flags
r-devel-linux-x86_64-debian-clang 0.12.0 4.39 76.42 80.81 NOTE
r-devel-linux-x86_64-debian-gcc 0.12.0 3.17 56.16 59.33 NOTE
r-devel-linux-x86_64-fedora-clang 0.12.0 102.49 NOTE
r-devel-linux-x86_64-fedora-gcc 0.12.0 94.33 NOTE
r-devel-windows-ix86+x86_64 0.12.0 7.00 74.00 81.00 NOTE
r-devel-windows-x86_64-gcc10-UCRT 0.12.0 NOTE
r-patched-linux-x86_64 0.12.0 4.44 73.41 77.85 OK
r-patched-solaris-x86 0.12.0 141.50 OK
r-release-linux-x86_64 0.12.0 OK
r-release-macos-x86_64 0.12.0 OK
r-release-windows-ix86+x86_64 0.12.0 14.00 97.00 111.00 OK
r-oldrel-macos-x86_64 0.12.0 OK
r-oldrel-windows-ix86+x86_64 0.12.0 9.00 71.00 80.00 OK

Check Details

Version: 0.12.0
Check: LazyData
Result: NOTE
     'LazyData' is specified without a 'data' directory
Flavors: r-devel-linux-x86_64-debian-clang, r-devel-linux-x86_64-debian-gcc, r-devel-linux-x86_64-fedora-clang, r-devel-linux-x86_64-fedora-gcc, r-devel-windows-ix86+x86_64, r-devel-windows-x86_64-gcc10-UCRT