CRAN Package Check Results for Package prettyunits

Last updated on 2022-09-27 07:50:50 CEST.

Flavor Version Tinstall Tcheck Ttotal Status Flags
r-devel-linux-x86_64-debian-clang 1.1.1 1.80 25.61 27.41 NOTE
r-devel-linux-x86_64-debian-gcc 1.1.1 1.26 20.33 21.59 NOTE
r-devel-linux-x86_64-fedora-clang 1.1.1 46.78 NOTE
r-devel-linux-x86_64-fedora-gcc 1.1.1 44.04 NOTE
r-devel-windows-x86_64 1.1.1 23.00 58.00 81.00 NOTE
r-patched-linux-x86_64 1.1.1 2.21 25.37 27.58 NOTE
r-release-linux-x86_64 1.1.1 1.52 24.75 26.27 NOTE
r-release-macos-arm64 1.1.1 16.00 NOTE
r-release-macos-x86_64 1.1.1 25.00 NOTE
r-release-windows-x86_64 1.1.1 26.00 55.00 81.00 NOTE
r-oldrel-macos-arm64 1.1.1 22.00 NOTE
r-oldrel-macos-x86_64 1.1.1 30.00 NOTE
r-oldrel-windows-ix86+x86_64 1.1.1 12.00 53.00 65.00 NOTE

Check Details

Version: 1.1.1
Check: LazyData
Result: NOTE
     'LazyData' is specified without a 'data' directory
Flavors: r-devel-linux-x86_64-debian-clang, r-devel-linux-x86_64-debian-gcc, r-devel-linux-x86_64-fedora-clang, r-devel-linux-x86_64-fedora-gcc, r-devel-windows-x86_64, r-patched-linux-x86_64, r-release-linux-x86_64, r-release-macos-arm64, r-release-macos-x86_64, r-release-windows-x86_64, r-oldrel-macos-arm64, r-oldrel-macos-x86_64, r-oldrel-windows-ix86+x86_64