CRAN Package Check Results for Package prettyglm

Last updated on 2022-06-25 07:03:21 CEST.

Flavor Version Tinstall Tcheck Ttotal Status Flags
r-devel-linux-x86_64-debian-clang 0.1.0 9.21 89.28 98.49 OK
r-devel-linux-x86_64-debian-gcc 0.1.0 6.73 65.12 71.85 OK
r-devel-linux-x86_64-fedora-clang 0.1.0 125.62 NOTE
r-devel-linux-x86_64-fedora-gcc 0.1.0 119.27 OK
r-devel-windows-x86_64 0.1.0 21.00 114.00 135.00 OK
r-patched-linux-x86_64 0.1.0 8.93 81.30 90.23 OK
r-release-linux-x86_64 0.1.0 6.15 83.15 89.30 OK
r-release-macos-arm64 0.1.0 36.00 OK
r-release-macos-x86_64 0.1.0 65.00 OK
r-release-windows-x86_64 0.1.0 27.00 115.00 142.00 OK
r-oldrel-macos-arm64 0.1.0 110.00 OK
r-oldrel-macos-x86_64 0.1.0 57.00 OK
r-oldrel-windows-ix86+x86_64 0.1.0 25.00 111.00 136.00 OK

Check Details

Version: 0.1.0
Check: Rd cross-references
Result: NOTE
    Undeclared package ‘parsnip’ in Rd xrefs
Flavor: r-devel-linux-x86_64-fedora-clang