Last updated on 2022-08-11 21:50:13 CEST.
Flavor | Version | Tinstall | Tcheck | Ttotal | Status | Flags |
---|---|---|---|---|---|---|
r-devel-linux-x86_64-debian-clang | 2.5.0 | 6.26 | 56.47 | 62.73 | OK | |
r-devel-linux-x86_64-debian-gcc | 2.5.0 | 4.52 | 44.14 | 48.66 | OK | |
r-devel-linux-x86_64-fedora-clang | 2.5.0 | 86.68 | NOTE | |||
r-devel-linux-x86_64-fedora-gcc | 2.5.0 | 84.13 | OK | |||
r-devel-windows-x86_64 | 2.5.0 | 69.00 | 84.00 | 153.00 | NOTE | |
r-patched-linux-x86_64 | 2.5.0 | 6.11 | 55.03 | 61.14 | OK | |
r-release-linux-x86_64 | 2.5.0 | 7.04 | 54.38 | 61.42 | OK | |
r-release-macos-arm64 | 2.5.0 | 25.00 | NOTE | |||
r-release-macos-x86_64 | 2.5.0 | 39.00 | NOTE | |||
r-release-windows-x86_64 | 2.5.0 | 63.00 | 89.00 | 152.00 | NOTE | |
r-oldrel-macos-arm64 | 2.5.0 | 25.00 | NOTE | |||
r-oldrel-macos-x86_64 | 2.5.0 | 37.00 | NOTE | |||
r-oldrel-windows-ix86+x86_64 | 2.5.0 | 16.00 | 78.00 | 94.00 | NOTE |
Version: 2.5.0
Check: installed package size
Result: NOTE
installed size is 5.6Mb
sub-directories of 1Mb or more:
shinyApp 5.4Mb
Flavors: r-devel-linux-x86_64-fedora-clang, r-devel-windows-x86_64, r-release-macos-arm64, r-release-macos-x86_64, r-release-windows-x86_64, r-oldrel-macos-arm64, r-oldrel-macos-x86_64, r-oldrel-windows-ix86+x86_64