CRAN Package Check Results for Package preregr

Last updated on 2022-09-30 21:49:04 CEST.

Flavor Version Tinstall Tcheck Ttotal Status Flags
r-devel-linux-x86_64-debian-clang 0.2.5 3.82 80.18 84.00 OK
r-devel-linux-x86_64-debian-gcc 0.2.5 4.02 61.55 65.57 OK
r-devel-linux-x86_64-fedora-clang 0.2.5 123.13 NOTE
r-devel-linux-x86_64-fedora-gcc 0.2.5 111.26 NOTE
r-devel-windows-x86_64 0.2.5 59.00 170.00 229.00 OK
r-patched-linux-x86_64 0.2.5 4.93 76.50 81.43 OK
r-release-linux-x86_64 0.2.5 4.91 77.99 82.90 OK
r-release-macos-arm64 0.2.5 56.00 NOTE
r-release-macos-x86_64 0.2.5 69.00 NOTE
r-release-windows-x86_64 0.2.5 86.00 166.00 252.00 OK
r-oldrel-macos-arm64 0.2.5 64.00 NOTE
r-oldrel-macos-x86_64 0.2.5 81.00 NOTE
r-oldrel-windows-ix86+x86_64 0.2.5 10.00 134.00 144.00 OK

Check Details

Version: 0.2.5
Check: data for non-ASCII characters
Result: NOTE
     Note: found 71 marked UTF-8 strings
Flavors: r-devel-linux-x86_64-fedora-clang, r-devel-linux-x86_64-fedora-gcc, r-release-macos-arm64, r-release-macos-x86_64, r-oldrel-macos-arm64, r-oldrel-macos-x86_64