CRAN Package Check Results for Package predkmeans

Last updated on 2022-09-29 19:49:02 CEST.

Flavor Version Tinstall Tcheck Ttotal Status Flags
r-devel-linux-x86_64-debian-clang 0.1.1 36.03 45.03 81.06 NOTE
r-devel-linux-x86_64-debian-gcc 0.1.1 24.54 34.34 58.88 NOTE
r-devel-linux-x86_64-fedora-clang 0.1.1 119.02 NOTE
r-devel-linux-x86_64-fedora-gcc 0.1.1 104.07 NOTE
r-devel-windows-x86_64 0.1.1 44.00 94.00 138.00 NOTE
r-patched-linux-x86_64 0.1.1 30.61 44.49 75.10 NOTE
r-release-linux-x86_64 0.1.1 26.19 43.98 70.17 NOTE
r-release-macos-arm64 0.1.1 29.00 NOTE
r-release-macos-x86_64 0.1.1 39.00 NOTE
r-release-windows-x86_64 0.1.1 40.00 92.00 132.00 NOTE
r-oldrel-macos-arm64 0.1.1 35.00 NOTE
r-oldrel-macos-x86_64 0.1.1 50.00 NOTE
r-oldrel-windows-ix86+x86_64 0.1.1 82.00 101.00 183.00 NOTE

Check Details

Version: 0.1.1
Check: LazyData
Result: NOTE
     'LazyData' is specified without a 'data' directory
Flavors: r-devel-linux-x86_64-debian-clang, r-devel-linux-x86_64-debian-gcc, r-devel-linux-x86_64-fedora-clang, r-devel-linux-x86_64-fedora-gcc, r-devel-windows-x86_64, r-patched-linux-x86_64, r-release-linux-x86_64, r-release-macos-arm64, r-release-macos-x86_64, r-release-windows-x86_64, r-oldrel-macos-arm64, r-oldrel-macos-x86_64, r-oldrel-windows-ix86+x86_64