CRAN Package Check Results for Package predictrace

Last updated on 2020-05-27 07:51:04 CEST.

Flavor Version Tinstall Tcheck Ttotal Status Flags
r-devel-linux-x86_64-debian-clang 1.0.0 11.62 35.53 47.15 OK
r-devel-linux-x86_64-debian-gcc 1.0.0 10.87 29.02 39.89 OK
r-devel-linux-x86_64-fedora-clang 1.0.0 60.92 NOTE
r-devel-linux-x86_64-fedora-gcc 1.0.0 59.45 NOTE
r-devel-windows-ix86+x86_64 1.0.0 24.00 51.00 75.00 OK
r-patched-linux-x86_64 1.0.0 11.81 35.36 47.17 OK
r-patched-solaris-x86 1.0.0 100.10 NOTE
r-release-linux-x86_64 1.0.0 11.58 36.22 47.80 OK
r-release-osx-x86_64 1.0.0 NOTE
r-release-windows-ix86+x86_64 1.0.0 22.00 66.00 88.00 OK
r-oldrel-osx-x86_64 1.0.0 NOTE
r-oldrel-windows-ix86+x86_64 1.0.0 18.00 47.00 65.00 OK

Check Details

Version: 1.0.0
Check: dependencies in R code
Result: NOTE
    Namespaces in Imports field not imported from:
     ‘here’ ‘tidyr’
     All declared Imports should be used.
Flavors: r-devel-linux-x86_64-fedora-clang, r-devel-linux-x86_64-fedora-gcc, r-patched-solaris-x86, r-release-osx-x86_64, r-oldrel-osx-x86_64