CRAN Package Check Results for Package precommit

Last updated on 2022-10-05 12:56:58 CEST.

Flavor Version Tinstall Tcheck Ttotal Status Flags
r-devel-linux-x86_64-debian-clang 0.3.2 3.24 226.91 230.15 OK
r-devel-linux-x86_64-debian-gcc 0.3.2 3.03 170.47 173.50 OK
r-devel-linux-x86_64-fedora-clang 0.3.2 289.19 NOTE
r-devel-linux-x86_64-fedora-gcc 0.3.2 283.57 NOTE
r-devel-windows-x86_64 0.3.2 367.00 784.00 1151.00 OK
r-patched-linux-x86_64 0.3.2 4.02 215.01 219.03 OK
r-release-linux-x86_64 0.3.2 3.82 220.03 223.85 OK
r-release-macos-arm64 0.3.2 113.00 NOTE
r-release-macos-x86_64 0.3.2 145.00 NOTE
r-release-windows-x86_64 0.3.2 388.00 521.00 909.00 OK
r-oldrel-macos-arm64 0.3.2 103.00 NOTE
r-oldrel-macos-x86_64 0.3.2 141.00 NOTE
r-oldrel-windows-ix86+x86_64 0.3.2 28.00 349.00 377.00 OK

Check Details

Version: 0.3.2
Check: dependencies in R code
Result: NOTE
    Namespace in Imports field not imported from: ‘here’
     All declared Imports should be used.
Flavors: r-devel-linux-x86_64-fedora-clang, r-devel-linux-x86_64-fedora-gcc, r-release-macos-arm64, r-release-macos-x86_64, r-oldrel-macos-arm64, r-oldrel-macos-x86_64