CRAN Package Check Results for Package pre

Last updated on 2020-10-29 13:48:52 CET.

Flavor Version Tinstall Tcheck Ttotal Status Flags
r-devel-linux-x86_64-debian-clang 1.0.0 13.23 131.58 144.81 OK
r-devel-linux-x86_64-debian-gcc 1.0.0 9.95 99.03 108.98 OK
r-devel-linux-x86_64-fedora-clang 1.0.0 178.09 NOTE
r-devel-linux-x86_64-fedora-gcc 1.0.0 174.53 OK
r-devel-windows-ix86+x86_64 1.0.0 25.00 139.00 164.00 OK
r-patched-linux-x86_64 1.0.0 10.82 125.92 136.74 OK
r-patched-solaris-x86 1.0.0 238.10 OK
r-release-linux-x86_64 1.0.0 12.44 122.53 134.97 OK
r-release-macos-x86_64 1.0.0 OK
r-release-windows-ix86+x86_64 1.0.0 18.00 175.00 193.00 OK
r-oldrel-macos-x86_64 1.0.0 OK
r-oldrel-windows-ix86+x86_64 1.0.0 23.00 156.00 179.00 OK

Check Details

Version: 1.0.0
Check: Rd cross-references
Result: NOTE
    Undeclared package ‘colorspace’ in Rd xrefs
Flavor: r-devel-linux-x86_64-fedora-clang