CRAN Package Check Results for Package prLogistic

Last updated on 2020-10-29 13:48:52 CET.

Flavor Version Tinstall Tcheck Ttotal Status Flags
r-devel-linux-x86_64-debian-clang 1.2 11.65 107.52 119.17 NOTE
r-devel-linux-x86_64-debian-gcc 1.2 10.93 80.43 91.36 NOTE
r-devel-linux-x86_64-fedora-clang 1.2 148.90 NOTE
r-devel-linux-x86_64-fedora-gcc 1.2 144.17 NOTE
r-devel-windows-ix86+x86_64 1.2 29.00 103.00 132.00 NOTE
r-patched-linux-x86_64 1.2 9.10 99.54 108.64 NOTE
r-patched-solaris-x86 1.2 214.30 NOTE
r-release-linux-x86_64 1.2 11.53 96.98 108.51 NOTE
r-release-macos-x86_64 1.2 NOTE
r-release-windows-ix86+x86_64 1.2 19.00 96.00 115.00 NOTE
r-oldrel-macos-x86_64 1.2 NOTE
r-oldrel-windows-ix86+x86_64 1.2 25.00 118.00 143.00 NOTE

Check Details

Version: 1.2
Check: R code for possible problems
Result: NOTE
    pr.conditional: no visible global function definition for 'qnorm'
    pr.marginal: no visible global function definition for 'qnorm'
    prLogisticDelta: no visible global function definition for 'glm'
    prLogisticDelta: no visible binding for global variable 'binomial'
    Undefined global functions or variables:
     binomial glm qnorm
    Consider adding
     importFrom("stats", "binomial", "glm", "qnorm")
    to your NAMESPACE file.
Flavors: r-devel-linux-x86_64-debian-clang, r-devel-linux-x86_64-debian-gcc, r-devel-linux-x86_64-fedora-clang, r-devel-linux-x86_64-fedora-gcc, r-devel-windows-ix86+x86_64, r-patched-linux-x86_64, r-patched-solaris-x86, r-release-linux-x86_64, r-release-macos-x86_64, r-release-windows-ix86+x86_64, r-oldrel-macos-x86_64, r-oldrel-windows-ix86+x86_64