CRAN Package Check Results for Package ppgmmga

Last updated on 2022-09-24 21:51:10 CEST.

Flavor Version Tinstall Tcheck Ttotal Status Flags
r-devel-linux-x86_64-debian-clang 1.2 54.28 183.10 237.38 NOTE
r-devel-linux-x86_64-debian-gcc 1.2 43.92 124.55 168.47 NOTE
r-devel-linux-x86_64-fedora-clang 1.2 303.56 NOTE
r-devel-linux-x86_64-fedora-gcc 1.2 289.71 NOTE
r-devel-windows-x86_64 1.2 89.00 214.00 303.00 NOTE
r-patched-linux-x86_64 1.2 48.93 176.19 225.12 NOTE
r-release-linux-x86_64 1.2 47.78 172.69 220.47 NOTE
r-release-macos-arm64 1.2 77.00 NOTE
r-release-macos-x86_64 1.2 123.00 NOTE
r-release-windows-x86_64 1.2 51.00 211.00 262.00 NOTE
r-oldrel-macos-arm64 1.2 70.00 NOTE
r-oldrel-macos-x86_64 1.2 97.00 NOTE
r-oldrel-windows-ix86+x86_64 1.2 138.00 125.00 263.00 NOTE

Check Details

Version: 1.2
Check: LazyData
Result: NOTE
     'LazyData' is specified without a 'data' directory
Flavors: r-devel-linux-x86_64-debian-clang, r-devel-linux-x86_64-debian-gcc, r-devel-linux-x86_64-fedora-clang, r-devel-linux-x86_64-fedora-gcc, r-devel-windows-x86_64, r-patched-linux-x86_64, r-release-linux-x86_64, r-release-macos-arm64, r-release-macos-x86_64, r-release-windows-x86_64, r-oldrel-macos-arm64, r-oldrel-macos-x86_64, r-oldrel-windows-ix86+x86_64