CRAN Package Check Results for Package ppclust

Last updated on 2020-10-24 07:49:52 CEST.

Flavor Version Tinstall Tcheck Ttotal Status Flags
r-devel-linux-x86_64-debian-clang 1.1.0 11.48 182.87 194.35 OK
r-devel-linux-x86_64-debian-gcc 1.1.0 7.16 128.99 136.15 OK
r-devel-linux-x86_64-fedora-clang 1.1.0 225.40 NOTE
r-devel-linux-x86_64-fedora-gcc 1.1.0 218.76 OK
r-devel-windows-ix86+x86_64 1.1.0 17.00 210.00 227.00 OK
r-patched-linux-x86_64 1.1.0 9.25 171.07 180.32 OK
r-patched-solaris-x86 1.1.0 254.10 OK
r-release-linux-x86_64 1.1.0 10.08 170.76 180.84 OK
r-release-macos-x86_64 1.1.0 OK
r-release-windows-ix86+x86_64 1.1.0 13.00 159.00 172.00 OK
r-oldrel-macos-x86_64 1.1.0 OK
r-oldrel-windows-ix86+x86_64 1.1.0 15.00 151.00 166.00 OK

Check Details

Version: 1.1.0
Check: Rd cross-references
Result: NOTE
    Undeclared package ‘advclust’ in Rd xrefs
Flavor: r-devel-linux-x86_64-fedora-clang