CRAN Package Check Results for Package ppcSpatial

Last updated on 2022-08-13 18:51:08 CEST.

Flavor Version Tinstall Tcheck Ttotal Status Flags
r-devel-linux-x86_64-debian-clang 0.2.0 37.71 327.46 365.17 NOTE
r-devel-linux-x86_64-debian-gcc 0.2.0 29.60 238.54 268.14 NOTE
r-devel-linux-x86_64-fedora-clang 0.2.0 411.36 NOTE
r-devel-linux-x86_64-fedora-gcc 0.2.0 423.43 NOTE
r-devel-windows-x86_64 0.2.0 53.00 315.00 368.00 NOTE
r-patched-linux-x86_64 0.2.0 31.04 309.71 340.75 NOTE
r-release-linux-x86_64 0.2.0 26.52 311.70 338.22 NOTE
r-release-macos-arm64 0.2.0 111.00 NOTE
r-release-macos-x86_64 0.2.0 177.00 NOTE
r-release-windows-x86_64 0.2.0 49.00 312.00 361.00 NOTE
r-oldrel-macos-arm64 0.2.0 82.00 NOTE
r-oldrel-macos-x86_64 0.2.0 90.00 NOTE
r-oldrel-windows-ix86+x86_64 0.2.0 82.00 318.00 400.00 NOTE

Check Details

Version: 0.2.0
Check: LazyData
Result: NOTE
     'LazyData' is specified without a 'data' directory
Flavors: r-devel-linux-x86_64-debian-clang, r-devel-linux-x86_64-debian-gcc, r-devel-linux-x86_64-fedora-clang, r-devel-linux-x86_64-fedora-gcc, r-devel-windows-x86_64, r-patched-linux-x86_64, r-release-linux-x86_64, r-release-macos-arm64, r-release-macos-x86_64, r-release-windows-x86_64, r-oldrel-macos-arm64, r-oldrel-macos-x86_64, r-oldrel-windows-ix86+x86_64