Last updated on 2022-08-09 19:06:38 CEST.
Flavor | Version | Tinstall | Tcheck | Ttotal | Status | Flags |
---|---|---|---|---|---|---|
r-devel-linux-x86_64-debian-clang | 0.1.1 | 2.87 | 36.98 | 39.85 | OK | |
r-devel-linux-x86_64-debian-gcc | 0.1.1 | 2.56 | 29.42 | 31.98 | OK | |
r-devel-linux-x86_64-fedora-clang | 0.1.1 | 60.74 | NOTE | |||
r-devel-linux-x86_64-fedora-gcc | 0.1.1 | 58.21 | NOTE | |||
r-devel-windows-x86_64 | 0.1.1 | 24.00 | 70.00 | 94.00 | OK | |
r-patched-linux-x86_64 | 0.1.1 | 3.80 | 36.65 | 40.45 | OK | |
r-release-linux-x86_64 | 0.1.1 | OK | ||||
r-release-macos-arm64 | 0.1.1 | 24.00 | NOTE | |||
r-release-macos-x86_64 | 0.1.1 | 37.00 | NOTE | |||
r-release-windows-x86_64 | 0.1.1 | 7.00 | 72.00 | 79.00 | OK | |
r-oldrel-macos-arm64 | 0.1.1 | 25.00 | NOTE | |||
r-oldrel-macos-x86_64 | 0.1.1 | 35.00 | NOTE | |||
r-oldrel-windows-ix86+x86_64 | 0.1.1 | 9.00 | 61.00 | 70.00 | OK |
Version: 0.1.1
Check: dependencies in R code
Result: NOTE
Namespace in Imports field not imported from: ‘memoise’
All declared Imports should be used.
Flavors: r-devel-linux-x86_64-fedora-clang, r-devel-linux-x86_64-fedora-gcc, r-release-macos-arm64, r-release-macos-x86_64, r-oldrel-macos-arm64, r-oldrel-macos-x86_64