CRAN Package Check Results for Package porridge

Last updated on 2020-05-30 07:49:30 CEST.

Flavor Version Tinstall Tcheck Ttotal Status Flags
r-devel-linux-x86_64-debian-clang 0.1.0 55.64 34.97 90.61 OK
r-devel-linux-x86_64-debian-gcc 0.1.0 43.85 27.50 71.35 OK
r-devel-linux-x86_64-fedora-clang 0.1.0 131.79 NOTE
r-devel-linux-x86_64-fedora-gcc 0.1.0 114.85 OK
r-devel-windows-ix86+x86_64 0.1.0 118.00 92.00 210.00 OK
r-patched-linux-x86_64 0.1.0 45.34 34.74 80.08 OK
r-patched-solaris-x86 0.1.0 121.60 OK
r-release-linux-x86_64 0.1.0 44.24 35.75 79.99 OK
r-release-osx-x86_64 0.1.0 NOTE
r-release-windows-ix86+x86_64 0.1.0 98.00 94.00 192.00 OK
r-oldrel-osx-x86_64 0.1.0 NOTE
r-oldrel-windows-ix86+x86_64 0.1.0 115.00 76.00 191.00 OK

Check Details

Version: 0.1.0
Check: installed package size
Result: NOTE
     installed size is 6.6Mb
     sub-directories of 1Mb or more:
     libs 6.4Mb
Flavors: r-devel-linux-x86_64-fedora-clang, r-release-osx-x86_64, r-oldrel-osx-x86_64