CRAN Package Check Results for Package popdemo

Last updated on 2022-10-07 00:49:30 CEST.

Flavor Version Tinstall Tcheck Ttotal Status Flags
r-devel-linux-x86_64-debian-clang 1.3-1 14.12 126.40 140.52 OK
r-devel-linux-x86_64-debian-gcc 1.3-1 10.91 94.39 105.30 OK
r-devel-linux-x86_64-fedora-clang 1.3-1 183.60 NOTE
r-devel-linux-x86_64-fedora-gcc 1.3-1 172.23 OK
r-devel-windows-x86_64 1.3-1 39.00 163.00 202.00 NOTE
r-patched-linux-x86_64 1.3-1 12.96 117.64 130.60 OK
r-release-linux-x86_64 1.3-1 11.47 119.12 130.59 OK
r-release-macos-arm64 1.3-1 52.00 NOTE
r-release-macos-x86_64 1.3-1 92.00 NOTE
r-release-windows-x86_64 1.3-1 42.00 162.00 204.00 NOTE
r-oldrel-macos-arm64 1.3-1 72.00 NOTE
r-oldrel-macos-x86_64 1.3-1 72.00 NOTE
r-oldrel-windows-ix86+x86_64 1.3-1 27.00 148.00 175.00 NOTE

Check Details

Version: 1.3-1
Check: installed package size
Result: NOTE
     installed size is 5.4Mb
     sub-directories of 1Mb or more:
     doc 4.9Mb
Flavors: r-devel-linux-x86_64-fedora-clang, r-devel-windows-x86_64, r-release-macos-arm64, r-release-macos-x86_64, r-release-windows-x86_64, r-oldrel-macos-arm64, r-oldrel-macos-x86_64, r-oldrel-windows-ix86+x86_64