CRAN Package Check Results for Package pomodoro

Last updated on 2024-06-16 12:57:14 CEST.

Flavor Version Tinstall Tcheck Ttotal Status Flags
r-devel-linux-x86_64-debian-clang 3.8.0 14.44 261.18 275.62 NOTE
r-devel-linux-x86_64-debian-gcc 3.8.0 13.61 190.57 204.18 NOTE
r-devel-linux-x86_64-fedora-clang 3.8.0 350.50 NOTE
r-devel-linux-x86_64-fedora-gcc 3.8.0 327.95 NOTE
r-devel-windows-x86_64 3.8.0 14.00 205.00 219.00 NOTE
r-patched-linux-x86_64 3.8.0 10.18 243.92 254.10 NOTE
r-release-linux-x86_64 3.8.0 10.11 243.89 254.00 NOTE
r-release-macos-arm64 3.8.0 130.00 NOTE
r-release-macos-x86_64 3.8.0 185.00 NOTE
r-release-windows-x86_64 3.8.0 15.00 203.00 218.00 NOTE
r-oldrel-macos-arm64 3.8.0 142.00 OK
r-oldrel-macos-x86_64 3.8.0 213.00 OK
r-oldrel-windows-x86_64 3.8.0 18.00 247.00 265.00 OK

Check Details

Version: 3.8.0
Check: Rd files
Result: NOTE checkRd: (-1) MLM_Model.Rd:31: Lost braces; missing escapes or markup? 31 | the weight vectors \bold{{w}^{i}} corresponds to class \eqn{i}{i}. | ^ checkRd: (-1) MLM_Model.Rd:33: Lost braces; missing escapes or markup? 33 | We set \eqn{{\bold{{w}}^{h}} = 0} and the parameters to be learned are the weight vectors \bold{{w}^{i}} | ^ Flavors: r-devel-linux-x86_64-debian-clang, r-devel-linux-x86_64-debian-gcc, r-devel-linux-x86_64-fedora-clang, r-devel-linux-x86_64-fedora-gcc, r-devel-windows-x86_64, r-patched-linux-x86_64, r-release-linux-x86_64, r-release-macos-arm64, r-release-macos-x86_64, r-release-windows-x86_64