CRAN Package Check Results for Package poio

Last updated on 2022-09-27 21:53:57 CEST.

Flavor Version Tinstall Tcheck Ttotal Status Flags
r-devel-linux-x86_64-debian-clang 0.0-4 12.41 99.53 111.94 OK
r-devel-linux-x86_64-debian-gcc 0.0-4 8.15 72.08 80.23 OK
r-devel-linux-x86_64-fedora-clang 0.0-4 145.65 NOTE
r-devel-linux-x86_64-fedora-gcc 0.0-4 136.28 NOTE
r-devel-windows-x86_64 0.0-4 21.00 129.00 150.00 OK
r-patched-linux-x86_64 0.0-4 8.89 93.13 102.02 OK
r-release-linux-x86_64 0.0-4 8.48 93.00 101.48 OK
r-release-macos-arm64 0.0-4 34.00 NOTE
r-release-macos-x86_64 0.0-4 61.00 NOTE
r-release-windows-x86_64 0.0-4 22.00 130.00 152.00 OK
r-oldrel-macos-arm64 0.0-4 42.00 NOTE
r-oldrel-macos-x86_64 0.0-4 45.00 NOTE
r-oldrel-windows-ix86+x86_64 0.0-4 27.00 124.00 151.00 OK

Check Details

Version: 0.0-4
Check: Rd cross-references
Result: NOTE
    Undeclared package ‘ISOcodes’ in Rd xrefs
Flavor: r-devel-linux-x86_64-fedora-clang

Version: 0.0-4
Check: data for non-ASCII characters
Result: NOTE
     Note: found 8 marked UTF-8 strings
Flavors: r-devel-linux-x86_64-fedora-clang, r-devel-linux-x86_64-fedora-gcc, r-release-macos-arm64, r-release-macos-x86_64, r-oldrel-macos-arm64, r-oldrel-macos-x86_64