Last updated on 2023-10-03 13:07:41 CEST.
Flavor | Version | Tinstall | Tcheck | Ttotal | Status | Flags |
---|---|---|---|---|---|---|
r-devel-linux-x86_64-debian-clang | 0.0-4 | 10.24 | 92.58 | 102.82 | OK | |
r-devel-linux-x86_64-debian-gcc | 0.0-4 | 8.60 | 67.74 | 76.34 | OK | |
r-devel-linux-x86_64-fedora-clang | 0.0-4 | 125.76 | NOTE | |||
r-devel-linux-x86_64-fedora-gcc | 0.0-4 | 121.93 | NOTE | |||
r-devel-windows-x86_64 | 0.0-4 | 11.00 | 92.00 | 103.00 | OK | |
r-patched-linux-x86_64 | 0.0-4 | 6.85 | 89.47 | 96.32 | OK | |
r-release-linux-x86_64 | 0.0-4 | 8.11 | 89.49 | 97.60 | OK | |
r-release-macos-arm64 | 0.0-4 | 36.00 | OK | |||
r-release-macos-x86_64 | 0.0-4 | 65.00 | OK | |||
r-release-windows-x86_64 | 0.0-4 | 15.00 | 109.00 | 124.00 | OK | |
r-oldrel-macos-arm64 | 0.0-4 | 34.00 | NOTE | |||
r-oldrel-macos-x86_64 | 0.0-4 | 61.00 | NOTE | |||
r-oldrel-windows-x86_64 | 0.0-4 | 14.00 | 112.00 | 126.00 | OK |
Version: 0.0-4
Check: Rd cross-references
Result: NOTE
Undeclared package ‘ISOcodes’ in Rd xrefs
Flavor: r-devel-linux-x86_64-fedora-clang
Version: 0.0-4
Check: data for non-ASCII characters
Result: NOTE
Note: found 8 marked UTF-8 strings
Flavors: r-devel-linux-x86_64-fedora-clang, r-devel-linux-x86_64-fedora-gcc, r-oldrel-macos-arm64, r-oldrel-macos-x86_64