CRAN Package Check Results for Package pocketapi

Last updated on 2022-08-11 00:51:02 CEST.

Flavor Version Tinstall Tcheck Ttotal Status Flags
r-devel-linux-x86_64-debian-clang 0.1 3.86 44.90 48.76 NOTE
r-devel-linux-x86_64-debian-gcc 0.1 3.31 35.09 38.40 NOTE
r-devel-linux-x86_64-fedora-clang 0.1 68.95 NOTE
r-devel-linux-x86_64-fedora-gcc 0.1 79.52 NOTE
r-devel-windows-x86_64 0.1 38.00 72.00 110.00 NOTE
r-patched-linux-x86_64 0.1 2.95 44.05 47.00 NOTE
r-release-linux-x86_64 0.1 NOTE
r-release-macos-arm64 0.1 27.00 NOTE
r-release-macos-x86_64 0.1 50.00 NOTE
r-release-windows-x86_64 0.1 66.00 80.00 146.00 NOTE
r-oldrel-macos-arm64 0.1 38.00 NOTE
r-oldrel-macos-x86_64 0.1 68.00 NOTE
r-oldrel-windows-ix86+x86_64 0.1 9.00 67.00 76.00 NOTE

Check Details

Version: 0.1
Check: package subdirectories
Result: NOTE
    Problems with news in 'NEWS.md':
    No news entries found.
Flavors: r-devel-linux-x86_64-debian-clang, r-devel-linux-x86_64-debian-gcc, r-devel-linux-x86_64-fedora-clang, r-devel-linux-x86_64-fedora-gcc, r-devel-windows-x86_64

Version: 0.1
Check: LazyData
Result: NOTE
     'LazyData' is specified without a 'data' directory
Flavors: r-devel-linux-x86_64-debian-clang, r-devel-linux-x86_64-debian-gcc, r-devel-linux-x86_64-fedora-clang, r-devel-linux-x86_64-fedora-gcc, r-devel-windows-x86_64, r-patched-linux-x86_64, r-release-linux-x86_64, r-release-macos-arm64, r-release-macos-x86_64, r-release-windows-x86_64, r-oldrel-macos-arm64, r-oldrel-macos-x86_64, r-oldrel-windows-ix86+x86_64

Version: 0.1
Check: dependencies in R code
Result: NOTE
    Namespace in Imports field not imported from: ‘dplyr’
     All declared Imports should be used.
Flavors: r-devel-linux-x86_64-fedora-clang, r-devel-linux-x86_64-fedora-gcc, r-release-macos-arm64, r-release-macos-x86_64, r-oldrel-macos-arm64, r-oldrel-macos-x86_64