Last updated on 2022-08-13 18:51:08 CEST.
Flavor | Version | Tinstall | Tcheck | Ttotal | Status | Flags |
---|---|---|---|---|---|---|
r-devel-linux-x86_64-debian-clang | 0.2.1 | 6.12 | 159.37 | 165.49 | OK | |
r-devel-linux-x86_64-debian-gcc | 0.2.1 | 5.72 | 118.25 | 123.97 | OK | |
r-devel-linux-x86_64-fedora-clang | 0.2.1 | 208.53 | NOTE | |||
r-devel-linux-x86_64-fedora-gcc | 0.2.1 | 201.97 | NOTE | |||
r-devel-windows-x86_64 | 0.2.1 | 21.00 | 201.00 | 222.00 | OK | |
r-patched-linux-x86_64 | 0.2.1 | 6.80 | 156.84 | 163.64 | OK | |
r-release-linux-x86_64 | 0.2.1 | 6.65 | 153.71 | 160.36 | OK | |
r-release-macos-arm64 | 0.2.1 | 62.00 | NOTE | |||
r-release-macos-x86_64 | 0.2.1 | 90.00 | NOTE | |||
r-release-windows-x86_64 | 0.2.1 | 23.00 | 207.00 | 230.00 | OK | |
r-oldrel-macos-arm64 | 0.2.1 | 112.00 | NOTE | |||
r-oldrel-macos-x86_64 | 0.2.1 | 81.00 | NOTE | |||
r-oldrel-windows-ix86+x86_64 | 0.2.1 | 12.00 | 196.00 | 208.00 | OK |
Version: 0.2.1
Check: data for non-ASCII characters
Result: NOTE
Note: found 62 marked UTF-8 strings
Flavors: r-devel-linux-x86_64-fedora-clang, r-devel-linux-x86_64-fedora-gcc, r-release-macos-arm64, r-release-macos-x86_64, r-oldrel-macos-arm64, r-oldrel-macos-x86_64