CRAN Package Check Results for Package plusser

Last updated on 2022-09-29 21:49:13 CEST.

Flavor Version Tinstall Tcheck Ttotal Status Flags
r-devel-linux-x86_64-debian-clang 0.4-0 5.56 44.19 49.75 NOTE
r-devel-linux-x86_64-debian-gcc 0.4-0 4.23 32.95 37.18 NOTE
r-devel-linux-x86_64-fedora-clang 0.4-0 70.39 NOTE
r-devel-linux-x86_64-fedora-gcc 0.4-0 67.26 NOTE
r-devel-windows-x86_64 0.4-0 14.00 74.00 88.00 NOTE
r-patched-linux-x86_64 0.4-0 5.65 41.55 47.20 NOTE
r-release-linux-x86_64 0.4-0 4.27 41.39 45.66 NOTE
r-release-macos-arm64 0.4-0 19.00 NOTE
r-release-macos-x86_64 0.4-0 31.00 NOTE
r-release-windows-x86_64 0.4-0 15.00 72.00 87.00 NOTE
r-oldrel-macos-arm64 0.4-0 24.00 NOTE
r-oldrel-macos-x86_64 0.4-0 39.00 NOTE
r-oldrel-windows-ix86+x86_64 0.4-0 11.00 64.00 75.00 NOTE

Check Details

Version: 0.4-0
Check: LazyData
Result: NOTE
     'LazyData' is specified without a 'data' directory
Flavors: r-devel-linux-x86_64-debian-clang, r-devel-linux-x86_64-debian-gcc, r-devel-linux-x86_64-fedora-clang, r-devel-linux-x86_64-fedora-gcc, r-devel-windows-x86_64, r-patched-linux-x86_64, r-release-linux-x86_64, r-release-macos-arm64, r-release-macos-x86_64, r-release-windows-x86_64, r-oldrel-macos-arm64, r-oldrel-macos-x86_64, r-oldrel-windows-ix86+x86_64