CRAN Package Check Results for Package plsVarSel

Last updated on 2022-08-15 01:51:00 CEST.

Flavor Version Tinstall Tcheck Ttotal Status Flags
r-devel-linux-x86_64-debian-clang 0.9.8 12.25 82.35 94.60 OK
r-devel-linux-x86_64-debian-gcc 0.9.8 8.99 60.81 69.80 OK
r-devel-linux-x86_64-fedora-clang 0.9.8 121.30 OK
r-devel-linux-x86_64-fedora-gcc 0.9.8 117.31 OK
r-devel-windows-x86_64 0.9.8 30.00 102.00 132.00 OK
r-patched-linux-x86_64 0.9.8 11.45 79.13 90.58 OK
r-release-linux-x86_64 0.9.8 9.52 80.72 90.24 OK
r-release-macos-arm64 0.9.8 29.00 NOTE
r-release-macos-x86_64 0.9.8 45.00 NOTE
r-release-windows-x86_64 0.9.8 38.00 101.00 139.00 OK
r-oldrel-macos-arm64 0.9.8 27.00 NOTE
r-oldrel-macos-x86_64 0.9.8 43.00 NOTE
r-oldrel-windows-ix86+x86_64 0.9.8 22.00 97.00 119.00 OK

Check Details

Version: 0.9.8
Check: package dependencies
Result: NOTE
    Package suggested but not available for checking: ‘Rmpi’
Flavors: r-release-macos-arm64, r-release-macos-x86_64, r-oldrel-macos-arm64, r-oldrel-macos-x86_64