Last updated on 2022-06-30 06:49:32 CEST.
Flavor | Version | Tinstall | Tcheck | Ttotal | Status | Flags |
---|---|---|---|---|---|---|
r-devel-linux-x86_64-debian-clang | 1.5.0 | 36.87 | 264.53 | 301.40 | NOTE | |
r-devel-linux-x86_64-debian-gcc | 1.5.0 | 31.81 | 190.66 | 222.47 | NOTE | |
r-devel-linux-x86_64-fedora-clang | 1.5.0 | 353.48 | NOTE | |||
r-devel-linux-x86_64-fedora-gcc | 1.5.0 | 354.89 | NOTE | |||
r-devel-windows-x86_64 | 1.5.0 | 110.00 | 284.00 | 394.00 | NOTE | |
r-patched-linux-x86_64 | 1.5.0 | 43.48 | 250.36 | 293.84 | NOTE | |
r-release-linux-x86_64 | 1.5.0 | 30.29 | 246.89 | 277.18 | NOTE | |
r-release-macos-arm64 | 1.5.0 | 78.00 | OK | |||
r-release-macos-x86_64 | 1.5.0 | 129.00 | OK | |||
r-release-windows-x86_64 | 1.5.0 | 85.00 | 273.00 | 358.00 | OK | |
r-oldrel-macos-arm64 | 1.5.0 | 77.00 | OK | |||
r-oldrel-macos-x86_64 | 1.5.0 | 121.00 | OK | |||
r-oldrel-windows-ix86+x86_64 | 1.5.0 | 64.00 | 282.00 | 346.00 | OK |
Version: 1.5.0
Check: package dependencies
Result: NOTE
Package suggested but not available for checking: 'plsdepot'
Flavors: r-devel-linux-x86_64-debian-clang, r-devel-linux-x86_64-debian-gcc, r-devel-linux-x86_64-fedora-clang, r-devel-linux-x86_64-fedora-gcc, r-patched-linux-x86_64, r-release-linux-x86_64
Version: 1.5.0
Check: Rd files
Result: NOTE
checkRd: (-1) PLS_glm_wvc.Rd:5: Escaped LaTeX specials: \_
checkRd: (-1) PLS_lm_wvc.Rd:5: Escaped LaTeX specials: \_
Flavors: r-devel-linux-x86_64-debian-clang, r-devel-linux-x86_64-debian-gcc, r-devel-linux-x86_64-fedora-clang, r-devel-linux-x86_64-fedora-gcc, r-devel-windows-x86_64