CRAN Package Check Results for Package plotmm

Last updated on 2020-10-30 07:50:03 CET.

Flavor Version Tinstall Tcheck Ttotal Status Flags
r-devel-linux-x86_64-debian-clang 0.1.0 2.36 53.88 56.24 OK
r-devel-linux-x86_64-debian-gcc 0.1.0 2.12 38.85 40.97 OK
r-devel-linux-x86_64-fedora-clang 0.1.0 74.69 NOTE
r-devel-linux-x86_64-fedora-gcc 0.1.0 67.11 NOTE
r-devel-windows-ix86+x86_64 0.1.0 7.00 59.00 66.00 OK
r-patched-linux-x86_64 0.1.0 2.62 49.56 52.18 OK
r-patched-solaris-x86 0.1.0 97.90 NOTE
r-release-linux-x86_64 0.1.0 2.58 50.56 53.14 OK
r-release-macos-x86_64 0.1.0 NOTE
r-release-windows-ix86+x86_64 0.1.0 5.00 85.00 90.00 OK
r-oldrel-macos-x86_64 0.1.0 NOTE
r-oldrel-windows-ix86+x86_64 0.1.0 5.00 72.00 77.00 OK

Check Details

Version: 0.1.0
Check: dependencies in R code
Result: NOTE
    Namespaces in Imports field not imported from:
     ‘dplyr’ ‘patchwork’
     All declared Imports should be used.
Flavors: r-devel-linux-x86_64-fedora-clang, r-devel-linux-x86_64-fedora-gcc, r-patched-solaris-x86, r-release-macos-x86_64, r-oldrel-macos-x86_64